ase 12) to base 6.
-424
-15 (base 12) to base 6
-25
Convert 27 (base 15) to base 7.
52
Convert 9 (base 12) to base 15.
9
What is 1 (base 10) in base 11?
1
42 (base 5) to base 11
20
What is -25 (base 14) in base 7?
-45
What is -53 (base 8) in base 9?
-47
22 (base 12) to base 7
35
Convert -1 (base 12) to base 14.
-1
Convert 3 (base 6) to base 9.
3
31 (base 7) to base 2
10110
Convert 9 (base 11) to base 14.
9
-8 (base 9) to base 16
-8
Convert -63 (base 11) to base 3.
-2120
-1 (base 5) to base 6
-1
0 (base 2) to base 7
0
Convert -48 (base 14) to base 2.
-1000000
What is -16 (base 11) in base 16?
-11
What is 2 (base 5) in base 9?
2
0 (base 15) to base 2
0
13 (base 13) to base 6
24
-5 (base 13) to base 2
-101
2 (base 11) to base 16
2
What is -5c (base 14) in base 13?
-64
-5 (base 15) to base 12
-5
-13 (base 4) to base 14
-7
What is 32 (base 8) in base 2?
11010
-3 (base 9) to base 5
-3
Convert -1000 (base 2) to base 6.
-12
Convert -12 (base 4) to base 8.
-6
Convert -179 (base 11) to base 15.
-dc
-1 (base 12) to base 4
-1
3 (base 14) to base 11
3
22 (base 4) to base 16
a
What is -3 (base 6) in base 8?
-3
What is -10 (base 14) in base 10?
-14
Convert 10 (base 5) to base 11.
5
What is -40 (base 8) in base 11?
-2a
What is 1 (base 9) in base 8?
1
Convert 223 (base 4) to base 9.
47
What is -5 (base 9) in base 13?
-5
-b8 (base 14) to base 6
-430
Convert 102 (base 6) to base 2.
100110
74 (base 10) to base 12
62
Convert 4 (base 13) to base 3.
11
What is -11 (base 3) in base 16?
-4
What is -62 (base 9) in base 12?
-48
What is -6 (base 11) in base 9?
-6
Convert 7 (base 14) to base 6.
11
243 (base 10) to base 12
183
What is 193 (base 11) in base 6?
1011
Convert -20 (base 6) to base 14.
-c
Convert 113 (base 11) to base 14.
99
-36 (base 16) to base 5
-204
-12 (base 8) to base 2
-1010
Convert 1 (base 8) to base 6.
1
Convert 1012 (base 5) to base 3.
11220
-11 (base 13) to base 9
-15
Convert 14 (base 13) to base 4.
101
18a (base 12) to base 2
11111010
What is -1 (base 14) in base 15?
-1
Convert -4 (base 5) to base 12.
-4
Convert 10100010 (base 2) to base 11.
138
Convert -24 (base 5) to base 3.
-112
What is -d (base 14) in base 5?
-23
1 (base 2) to base 5
1
What is -5 (base 13) in base 16?
-5
What is 19 (base 15) in base 10?
24
Convert 2233 (base 4) to base 10.
175
Convert -32 (base 13) to base 15.
-2b
What is 1 (base 2) in base 15?
1
What is 0 (base 15) in base 10?
0
What is 142 (base 8) in base 5?
343
What is 41 (base 15) in base 4?
331
What is -1 (base 13) in base 8?
-1
What is -5 (base 6) in base 16?
-5
What is -22 (base 13) in base 5?
-103
Convert -10 (base 6) to base 4.
-12
Convert 5 (base 12) to base 2.
101
6 (base 11) to base 5
11
Convert -1 (base 13) to base 4.
-1
Convert 26 (base 11) to base 16.
1c
-81 (base 9) to base 10
-73
Convert -1b (base 16) to base 12.
-23
What is -1 (base 9) in base 14?
-1
2 (base 11) to base 12
2
Convert 0 (base 4) to base 13.
0
-2111 (base 3) to base 10
-67
What is 4 (base 10) in base 13?
4
10 (base 8) to base 6
12
1 (base 3) to base 10
1
Convert -1 (base 16) to base 6.
-1
What is -a5 (base 13) in base 3?
-12000
-38 (base 9) to base 8
-43
Convert 33 (base 13) to base 11.
39
Convert -2 (base 10) to base 15.
-2
What is 0 (base 10) in base 5?
0
-13 (base 5) to base 8
-10
What is 111 (base 3) in base 2?
1101
Convert -8 (base 10) to base 4.
-20
What is 46 (base 11) in base 16?
32
Convert 1 (base 3) to base 11.
1
What is -2 (base 15) in base 4?
-2
Convert -39 (base 11) to base 9.
-46
Convert 103 (base 4) to base 15.
14
What is 1 (base 13) in base 2?
1
-16 (base 15) to base 8
-25
What is -11 (base 4) in base 8?
-5
2233 (base 4) to base 3
20111
22 (base 3) to base 6
12
What is 14 (base 16) in base 3?
202
11 (base 7) to base 8
10
-11222 (base 3) to base 7
-251
Convert 2 (base 11) to base 3.
2
Convert -1 (base 2) to base 11.
-1
What is -33 (base 5) in base 4?
-102
-3 (base 14) to base 15
-3
Convert 134 (base 6) to base 7.
112
Convert 15 (base 10) to base 4.
33
Convert 5 (base 14) to base 4.
11
2 (base 4) to base 16
2
What is 2 (base 7) in base 14?
2
What is -10 (base 7) in base 9?
-7
8 (base 14) to base 7
11
Convert -35 (base 6) to base 10.
-23
Convert 7 (base 14) to base 7.
10
Convert 4a (base 12) to base 11.
53
Convert -3 (base 11) to base 13.
-3
What is -a (base 15) in base 13?
-a
What is -20 (base 5) in base 12?
-a
-3 (base 15) to base 12
-3
What is 10 (base 2) in base 11?
2
1 (base 11) to base 5
1
Convert 22 (base 5) to base 13.
c
Convert -111 (base 6) to base 4.
-223
-2 (base 16) to base 4
-2
What is 0 (base 2) in base 10?
0
-110 (base 5) to base 9
-33
Convert -7 (base 12) to base 16.
-7
Convert -23 (base 16) to base 15.
-25
Convert 7 (base 15) to base 5.
12
-57 (base 9) to base 6
-124
Convert 27 (base 11) to base 9.
32
110 (base 5) to base 7
42
What is 7 (base 8) in base 3?
21
What is 17 (base 8) in base 16?
f
-125 (base 8) to base 7
-151
Convert -2 (base 3) to base 14.
-2
What is -357 (base 8) in base 14?
-131
Convert 0 (base 6) to base 8.
0
What is d4 (base 15) in base 5?
1244
-16 (base 9) to base 11
-14
What is 26 (base 11) in base 10?
28
Convert -12 (base 12) to base 3.
-112
What is -21 (base 3) in base 14?
-7
-310 (base 8) to base 7
-404
2 (base 13) to base 15
2
What is -11 (base 2) in base 16?
-3
-222 (base 4) to base 9
-46
What is 11 (base 9) in base 4?
22
What is 2 (base 14) in base 11?
2
Convert 57 (base 14) to base 12.
65
-203 (base 5) to base 7
-104
What is -1013 (base 4) in base 6?
-155
11 (base 2) to base 5
3
Convert 6 (base 14) to base 15.
6
31 (base 4) to base 5
23
Convert 24 (base 14) to base 5.
112
What is 7 (base 16) in base 13?
7
-11 (base 2) to base 8
-3
-3 (base 4) to base 16
-3
Convert 11 (base 6) to base 16.
7
5 (base 14) to base 6
5
Convert -2 (base 5) to base 10.
-2
What is -4 (base 10) in base 14?
-4
Convert -20 (base 3) to base 2.
-110
1111 (base 2) to base 5
30
What is -8 (base 14) in base 5?
-13
-46 (base 12) to base 6
-130
Convert -17 (base 9) to base 8.
-20
What is b1 (base 12) in base 15?
8d
0 (base 8) to base 12
0
What is 24 (base 7) in base 6?
30
Convert 4 (base 11) to base 7.
4
Convert -2102 (base 3) to base 12.
-55
What is -46 (base 10) in base 2?
-101110
-3a (base 11) to base 2
-101011
What is ad (base 14) in base 7?
306
223 (base 4) to base 12
37
8 (base 14) to base 5
13
Convert -46 (base 10) to base 13.
-37
145 (base 7) to base 4
1102
Convert -11 (base 3) to base 10.
-4
-6b (base 12) to base 10
-83
Convert -10222 (base 4) to base 12.
-20a
What is -27 (base 16) in base 3?
-1110
What is 12 (base 10) in base 14?
c
220 (base 7) to base 11
a2
Convert -221 (base 7) to base 14.
-81
What is -2 (base 4) in base 2?
-10
-8 (base 14) to base 16
-8
Convert -6 (base 13) to base 14.
-6
2 (base 14) to base 8
2
Convert 12 (base 3) to base 10.
5
-11101 (base 3) to base 16
-76
-25 (base 8) to base 14
-17
What is 3 (base 16) in base 7?
3
Convert -31 (base 8) to base 15.
-1a
What is 2 (base 4) in base 2?
10
Convert -ff (base 16) to base 10.
-255
What is -2143 (base 5) in base 16?
-12a
What is -137 (base 8) in base 16?
-5f
2 (base 5) to base 15
2
Convert -23 (base 14) to base 12.
-27
What is 3 (base 5) in base 15?
3
Convert -175 (base 10) to base 2.
-10101111
-2 (base 7) to base 13
-2
Convert 31 (base 5) to base 9.
17
What is 201 (base 4) in base 8?
41
Convert -1 (base 11) to base 7.
-1
50 (base 9) to base 15
30
What is -120 (base 7) in base 2?
-111111
What is 2 (base 12) in base 10?
2
1 (base 12) to base 16
1
-20 (base 9) to base 4
-102
34 (base 6) to base 3
211
-146 (base 16) to base 4
-11012
Convert 9 (base 10) to base 6.
13
What is -32 (base 7) in base 14?
-19
-20112 (base 3) to base 7
-341
What is ea (base 15) in base 2?
11011100
255 (base 7) to base 10
138
Convert -214 (base 6) to base 7.
-145
What is 3000 (base 4) in base 8?
300
Convert 11 (base 12) to base 6.
21
1 (base 5) to base 13
1
0 (base 13) to base 2
0
-1e (base 16) to base 8
-36
What is -10 (base 8) in base 4?
-20
Convert 0 (base 7) to base 4.
0
Convert 6 (base 16) to base 10.
6
What is -1 (base 13) in base 11?
-1
Convert -3 (base 4) to base 5.
-3
-11 (base 4) to base 6
-5
Convert -5 (base 6) to base 2.
-101
-2021 (base 3) to base 5
-221
Convert 120 (base 13) to base 4.
3003
Convert -23 (base 15) to base 7.
-45
What is 9 (base 12) in base 5?
14
Co